4) + 417/12. What is the highest common divisor of 245 and k?
35
Suppose -3*c = -3*n - 87, -54 = -2*c + n - 0*n. Calculate the greatest common factor of c and 10.
5
Suppose 2*t + 2*t + 6 = v, 0 = -2*v - 5*t + 25. Suppose -z + 6 = -4*z. Let f be z/(1*2/(-5)). Calculate the highest common divisor of v and f.
5
Let n be (-6)/4 - ((-302)/4 - -2). Calculate the greatest common factor of 54 and n.
18
Let r(o) = 9*o - 7 + 2*o**2 - 3*o**2 + 0*o**2. Let w = -3 - -10. Let l be r(w). Calculate the greatest common factor of l and 28.
7
Suppose 4*b - 18 = -2, -b + 10 = 2*d. Let k be (-3 - -2)/(d/(-21)). Calculate the highest common factor of 21 and k.
7
Let c be 2/8 + (-87)/(-4). Suppose -6 - c = -a. Suppose 3*m - 7*m = -a. Calculate the greatest common factor of m and 7.
7
Let o = -4 + 13. Calculate the greatest common factor of o and 81.
9
Suppose 3*f - j = -0*f + 252, 0 = -4*f - 5*j + 355. Suppose 0 = -4*g + f + 179. What is the highest common divisor of g and 6?
6
Let a = 1 - -11. Suppose 5*u - 134 - 106 = 0. What is the greatest common factor of u and a?
12
Suppose 2*g + 0*g - 3*y = 33, 1 = y. What is the highest common factor of g and 162?
18
Let k = -12 + 22. Let w be (36/20)/(3/k). What is the greatest common factor of 48 and w?
6
Suppose 0*o - 164 = -2*o. Let m = -81 - -67. Let s = o - m. Calculate the highest common factor of s and 12.
12
Let q = -18 + 82. Calculate the greatest common divisor of q and 160.
32
Let r be 3/2*110/15. Suppose 5*o + 10 = m, -4*o = -m + r - 2. What is the highest common divisor of 55 and m?
5
Let r = -171 - -180. Calculate the highest common divisor of 9 and r.
9
Let u = -10 + 10. Suppose 2*q - 6*q = 3*c - 60, -3*c + q + 45 = u. Suppose k - 6*k + 40 = 0. Calculate the greatest common divisor of c and k.
8
Suppose 0 = s + 15 + 110. Let n be (-3)/(-7) + s/(-35). Calculate the highest common divisor of n and 4.
4
Suppose -2*b = -f + 6, -5*f + 11 = -2*b - 19. Suppose r + 0*m = 2*m + 5, 11 = r + m. What is the highest common divisor of r and f?
3
Let p = 4 + -2. Let z be (25/10)/(1/p). Suppose r - 35 = z*m, -3*m - 140 = -2*r - 7*m. What is the highest common divisor of 24 and r?
12
Let k(r) = -9*r + 5. Let q(c) = -5*c + 3. Let z(s) = -3*k(s) + 5*q(s). Let a be z(1). Suppose a*p - 60 = -0*p. What is the greatest common divisor of 12 and p?
6
Let t be 8/(-4) + 0 - -4. Suppose 1 - 5 = -2*m. What is the highest common divisor of m and t?
2
Let x(t) be the third derivative of -t**4/24 - t**3/3 + t**2. Let w be x(-4). Suppose 0*s - 48 = -3*s. What is the greatest common divisor of w and s?
2
Let m = 7 - 3. Suppose -m*f = -5*i + 114, 3*i - 68 = -0*f + 2*f. Calculate the highest common factor of i and 11.
11
Let a = -11 + 15. Suppose -a*v + 179 - 47 = 0. Calculate the greatest common factor of 11 and v.
11
Let i = -13 - -65. Calculate the greatest common factor of 26 and i.
26
Let o(b) = -2*b - 2. Let h be o(-3). Suppose -h*w = -4, -5*f = 4*w - 8*w - 111. Calculate the greatest common factor of 115 and f.
23
Let s(v) = v + v + 14 - v - 5. Let a be s(0). What is the highest common divisor of 9 and a?
9
Suppose 2 + 12 = 3*x + 2*u, -2*u - 4 = 0. Suppose 0*h + 8 = 2*h. Suppose -4*n = -4*d + h, 2*n + 4*d + 4 = 26. Calculate the highest common divisor of x and n.
3
Suppose j - 134 = -22. Let n = 8 - 3. Suppose n*i = 48 + 32. What is the highest common factor of i and j?
16
Let c(k) = -5*k - 10. Let a be c(-11). What is the greatest common divisor of 45 and a?
45
Let i(j) = j**2 - j + 4. Let s be i(5). What is the greatest common factor of 3 and s?
3
Let s be 5 + -3 + -1 + 0. Suppose j - 12 = 2*j. Let k = j + 13. Calculate the greatest common factor of k and s.
1
Let s(y) = y**2 + 7. Let d be s(7). Let r(i) = i**3 + i**2 + i. Let g be r(2). What is the highest common factor of g and d?
14
Let f(w) = -w - 4. Let v be f(-5). Let z(n) = -10*n + 1. Let b be z(-1). What is the highest common factor of v and b?
1
Let m(l) = l**3 + l**2 - 2*l. Let x be m(4). Let n be 1 - 3/(-3)*7. What is the greatest common divisor of n and x?
8
Let p be (-6)/(-3*1) - -1. Suppose 10 = p*h - h. Suppose 3*y - 17 = -h*x, 5*y - y - 5*x - 11 = 0. Calculate the highest common factor of 20 and y.
4
Let b(g) = 43*g**3 - 1. Let a be b(1). Calculate the greatest common divisor of 14 and a.
14
Let h(q) = q**3 + q**2 + q + 14. Let z be h(0). Suppose 140 = 4*j + j. Calculate the greatest common factor of z and j.
14
Suppose 5*u = -2*y + 3*u + 16, 2*y - 2*u = 32. Calculate the highest common factor of y and 3.
3
Suppose 11 = -0*f + f. Suppose -4 = -2*s - 2. What is the highest common factor of s and f?
1
Let l(k) = -2*k + 2. Let d(m) = m - 2. Let a(q) = 3*d(q) + 2*l(q). Let t be a(-3). Let n be 7 - (1 - (2 - t)). What is the highest common divisor of n and 7?
7
Let q(w) = 1 - 1 + 20*w. Suppose 0 = -3*b + 6. Let l be q(b). Calculate the highest common divisor of l and 8.
8
Suppose -106 = -4*i + k, -2*k = i - k - 29. Calculate the greatest common divisor of i and 18.
9
Suppose -3*m + 16 = -b, 2 = m + 2*b + 6. What is the greatest common divisor of 32 and m?
4
Let d be ((-2)/(-4))/((-3)/(-12)). Let h(o) = 11*o - 3*o**2 - 4*o**d + 6*o**2 - 1 + 2. Let t be h(9). What is the highest common factor of 171 and t?
19
Let q(a) = a**2 + 9*a + 7. Let c(t) = 5*t**2 + 45*t + 36. Let k(d) = 2*c(d) - 11*q(d). Let p be k(-6). What is the highest common factor of p and 117?
13
Suppose 5*j = -2*h + 143, -j + h = -5*j + 112. Let k = 21 + -27. Let s = j + k. What is the highest common divisor of 14 and s?
7
Let p = -103 - -141. Calculate the greatest common factor of p and 152.
38
Let t(w) = -2*w - 3. Let g be t(-8). Let j = -5 - -3. Let l be -2*(-1)/j*-39. Calculate the greatest common factor of g and l.
13
Let s(w) = 2*w + 1. Let c be s(2). Let x be (-645)/(-25) + 1/c. Calculate the greatest common factor of 39 and x.
13
Let n(j) = -j**2 + 7*j + 3. Let f be n(5). Calculate the highest common factor of f and 104.
13
Let j be 12*(21/12 - 1). Let i = j - 4. Let u be (i/(-3))/(2/(-24)). What is the highest common factor of u and 4?
4
Let j be ((-48)/20)/(-2)*40. What is the greatest common divisor of j and 6?
6
Suppose -3*a = 2*a - 90. Let v be (12/a)/((-4)/(-54)). What is the greatest common divisor of 63 and v?
9
Let h be 1 + (2 + 1)/(-3). Let q = 0 - h. Let r be (-1 + 14 + q)*1. What is the greatest common divisor of r and 65?
13
Let y = -17 - -43. Let p = -27 - -53. What is the highest common divisor of p and y?
26
Let u be (-6)/(8/12*-1). What is the greatest common divisor of u and 9?
9
Let g = 1 + 3. Suppose 0 = 4*h + g*k - 24, h - 3*k - k = -19. Let j = h + 4. Calculate the greatest common factor of j and 2.
1
Let j(t) = -t**2 + 9*t - 14. Let c be j(6). Suppose 2*o - 20 = -2*p, -c*o + 3*p = 8 - 41. What is the highest common factor of 9 and o?
9
Suppose 62 + 63 = 5*x. What is the highest common factor of x and 100?
25
Let k(m) = -m + 79. Let s(u) be the first derivative of -u - 2. Let j(g) = k(g) + 3*s(g). Let c be j(0). What is the greatest common divisor of c and 19?
19
Suppose 5*g - 1133 = -0*g - 2*b, 2*g - 466 = -4*b. Calculate the greatest common divisor of g and 90.
45
Let c = 18 - 26. Let v = 8 - c. Let g = -7 + v. Calculate the greatest common divisor of 3 and g.
3
Suppose 4*z - 20 = 3*g, 4*z + 4*g + 3 + 5 = 0. Suppose -y = -3*b + 222, z*b = y + 102 + 45. Calculate the highest common factor of b and 15.
15
Let h(f) = 11*f**2 - 2*f - 4. Let n be h(-2). What is the highest common factor of 44 and n?
44
Let m(u) = u**3 - 13*u**2 + 8*u - 6. Let c be m(13). Calculate the highest common factor of 14 and c.
14
Let k = -1 + 4. Suppose 0 = -k*g + 4*n + 67, -n = -2*g + 2*n + 44. Let s = g - 17. What is the highest common divisor of s and 1?
1
Let b be 0 - ((-1 - 2) + -6). Calculate the greatest common divisor of 27 and b.
9
Let f be (-30)/(-8)*16/3. Let w(k) = -k**2 - 10*k + 8*k + 8 - 11*k. Let b be w(-6). What is the greatest common factor of b and f?
10
Suppose 0*g + 3 = g - 4*m, 18 = -2*g + 2*m. Let o = 22 + g. Let v = 37 - 1. What is the greatest common divisor of v and o?
9
Let m(k) = -2*k + 11. Let d be m(5). Let y be (-2 + d)/(5/(-30)). What is the greatest common factor of 48 and y?
6
Suppose s - 10 = -0*s. Suppose 6*r - s*r = -44. What is the highest common divisor of 33 and r?
